{"id":99,"date":"2017-10-20T01:22:19","date_gmt":"2017-10-20T01:22:19","guid":{"rendered":"http:\/\/cruzrojacorrientes.org\/?page_id=99"},"modified":"2017-10-31T23:56:39","modified_gmt":"2017-10-31T23:56:39","slug":"historia","status":"publish","type":"page","link":"https:\/\/www.cruzroja.org.ar\/corrientes\/nosotros\/historia\/","title":{"rendered":"Historia"},"content":{"rendered":"<h2 id=\"historia\" class=\"section-title\">Historia<\/h2>\r\n                    <p>Por iniciativa de la se\u00f1ora Eloisa Torrent de Vidal, nuestra Filial se fund\u00f3 el 20 de abril de 1921, cuando el comit\u00e9 local se adhiri\u00f3 a la Sociedad Nacional de Cruz Roja.<\/p>\r\n                    <p>En sus inicios, la obra que la Comisi\u00f3n consider\u00f3 fundamental fue la formaci\u00f3n profesional de enfermeras decidi\u00e9ndose fundar un Instituto de Ense\u00f1anza. La inauguraci\u00f3n de la Escuela  tuvo lugar el d\u00eda 10 de octubre de 1921.<\/p>\r\n                    <a href=\"https:\/\/www.cruzroja.org.ar\/corrientes\/wp-content\/uploads\/2017\/10\/abanderado_cruz_roja_de_escuela_1.jpg\" data-fancybox=\"gallery\"><img src=\"https:\/\/www.cruzroja.org.ar\/corrientes\/wp-content\/uploads\/2017\/10\/abanderado_cruz_roja_de_escuela_1-250x167.jpg\" class=\"img-responsive img-article img-margin-left pull-right\"><\/a>\r\n                    <p>En el a\u00f1o 1939, se adquiri\u00f3 el terreno ubicado en la calle Bol\u00edvar entre Mendoza y C\u00f3rdoba donde en la actualidad funciona la instituci\u00f3n.<\/p>\r\n                    <p>En 1941 se convierte en Escuela de Enfermeras y Samaritanas. Desde su fundaci\u00f3n y hasta 1973, el t\u00edtulo que otorgaba era el de Enfermero Profesional; a partir de ese a\u00f1o, se reconvierte el t\u00edtulo al de Auxiliar de Enfermer\u00eda, captando entre su poblaci\u00f3n a una amplia franja de j\u00f3venes egresados del nivel primario y secundario.<\/p>\r\n                    <p>El curso ten\u00eda una duraci\u00f3n de un a\u00f1o, dividido en dos cuatrimestres. Su t\u00edtulo obtuvo validez nacional por (Resoluci\u00f3n Ministerial Nacional 35\/69).<\/p>\r\n                    <p>A partir de 1995 la instituci\u00f3n ampli\u00f3 su accionar implementando carreras de Nivel Superior, No Universitario. Ese a\u00f1o se inici\u00f3 la de T\u00e9cnico en Radiolog\u00eda (Resoluci\u00f3n Ministerial 1018\/97), con una duraci\u00f3n de dos a\u00f1os, divididos en cuatro cuatrimestres, el t\u00edtulo los habilita para desempe\u00f1arse como auxiliares de m\u00e9dicos radi\u00f3logos y en 1996, la de T\u00e9cnico en Hemoterapia e Inmunohematolog\u00eda, con una duraci\u00f3n de tres a\u00f1os, ofreciendo como alternativa a los dos a\u00f1os una salida laboral intermedia, T\u00e9cnico en Hemoterapia (Resoluci\u00f3n Ministerial 1630\/97).<\/p>\r\n                    <section id=\"galleria-historia\" style=\"margin-top: 30px;\">\r\n                        <div class=\"no-gutter\">\r\n                            <div class=\"col-md-4 gallery-box\">\r\n                                <a data-fancybox=\"gallery\" href=\"https:\/\/www.cruzroja.org.ar\/corrientes\/wp-content\/uploads\/2017\/10\/historia_6.jpg\"><img src=\"https:\/\/www.cruzroja.org.ar\/corrientes\/wp-content\/uploads\/2017\/10\/historia_6_thumb.jpg\" class=\"img-responsive\"><\/a>\r\n                            <\/div>\r\n                            <div class=\"col-md-4 gallery-box\">\r\n                                <a data-fancybox=\"gallery\" href=\"https:\/\/www.cruzroja.org.ar\/corrientes\/wp-content\/uploads\/2017\/10\/historia_acta_fundacional_1.jpg\"><img src=\"https:\/\/www.cruzroja.org.ar\/corrientes\/wp-content\/uploads\/2017\/10\/historia_acta_fundacional_1_thumb.jpg\" class=\"img-responsive\"><\/a>\r\n                            <\/div>\r\n                            <div class=\"col-md-4 gallery-box\">\r\n                                <a data-fancybox=\"gallery\" href=\"https:\/\/www.cruzroja.org.ar\/corrientes\/wp-content\/uploads\/2017\/10\/historia_fundadores_y_primer_promocion.jpg\"><img src=\"https:\/\/www.cruzroja.org.ar\/corrientes\/wp-content\/uploads\/2017\/10\/historia_fundadores_y_primer_promocion_thumb.jpg\" class=\"img-responsive\"><\/a>\r\n                            <\/div>\r\n                        <\/div>\r\n                    <\/section>\r\n                    <div class=\"clearfix\"><\/div>\r\n                    <p style=\"margin-top: 30px;\">Al inicio del 2000 se crea la carrera de T\u00e9cnico de Laboratorio de An\u00e1lisis Cl\u00ednicos (Resoluci\u00f3n Ministerial 528\/99), con una duraci\u00f3n de dos a\u00f1os divididos en cuatro cuatrimestres; el t\u00edtulo los habilita para desempe\u00f1arse como auxiliares t\u00e9cnicos de laboratorio.<\/p>\r\n                    <p>En el a\u00f1o 2009 se da apertura a la carrera de T\u00e9cnico en Instrumentaci\u00f3n Quir\u00fargica, cuya primer promoci\u00f3n se gradu\u00f3 en el a\u00f1o 2012 con 20 egresados.\r\n                    <\/p>\r\n                    <p>En cuanto al trabajo humanitario, a lo largo de los a\u00f1os los voluntarios realizaron acciones referidas a primeros auxilios en eventos, intervenci\u00f3n en emergencias h\u00eddricas y econ\u00f3micas, proyectos de desarrollo comunitario, fortalecimiento de las comunidades, trabajo en prevenci\u00f3n de enfermedades y formaci\u00f3n y organizaci\u00f3n de promotores en salud.<\/p>\r\n","protected":false},"excerpt":{"rendered":"<p>Historia Por iniciativa de la se\u00f1ora Eloisa Torrent de Vidal, nuestra Filial se fund\u00f3 el 20 de abril de 1921, cuando el comit\u00e9 local se adhiri\u00f3 a la Sociedad Nacional de Cruz Roja. En sus inicios, la obra que la Comisi\u00f3n consider\u00f3 fundamental fue la formaci\u00f3n profesional de enfermeras decidi\u00e9ndose fundar un Instituto de Ense\u00f1anza. [&hellip;]<\/p>\n","protected":false},"author":1,"featured_media":0,"parent":97,"menu_order":0,"comment_status":"closed","ping_status":"closed","template":"","meta":[],"acf":[],"yoast_head":"<!-- This site is optimized with the Yoast SEO plugin v19.2 - https:\/\/yoast.com\/wordpress\/plugins\/seo\/ -->\n<title>Historia - Cruz Roja Argentina Filial Corrientes<\/title>\n<meta name=\"robots\" content=\"index, follow, max-snippet:-1, max-image-preview:large, max-video-preview:-1\" \/>\n<link rel=\"canonical\" href=\"https:\/\/www.cruzroja.org.ar\/corrientes\/nosotros\/historia\/\" \/>\n<meta property=\"og:locale\" content=\"es_ES\" \/>\n<meta property=\"og:type\" content=\"article\" \/>\n<meta property=\"og:title\" content=\"Historia - Cruz Roja Argentina Filial Corrientes\" \/>\n<meta property=\"og:description\" content=\"Historia Por iniciativa de la se\u00f1ora Eloisa Torrent de Vidal, nuestra Filial se fund\u00f3 el 20 de abril de 1921, cuando el comit\u00e9 local se adhiri\u00f3 a la Sociedad Nacional de Cruz Roja. En sus inicios, la obra que la Comisi\u00f3n consider\u00f3 fundamental fue la formaci\u00f3n profesional de enfermeras decidi\u00e9ndose fundar un Instituto de Ense\u00f1anza. [&hellip;]\" \/>\n<meta property=\"og:url\" content=\"https:\/\/www.cruzroja.org.ar\/corrientes\/nosotros\/historia\/\" \/>\n<meta property=\"og:site_name\" content=\"Cruz Roja Argentina Filial Corrientes\" \/>\n<meta property=\"article:modified_time\" content=\"2017-10-31T23:56:39+00:00\" \/>\n<meta name=\"author\" content=\"alberto\" \/>\n<meta name=\"twitter:card\" content=\"summary\" \/>\n<meta name=\"twitter:label1\" content=\"Tiempo de lectura\" \/>\n\t<meta name=\"twitter:data1\" content=\"2 minutos\" \/>\n<script type=\"application\/ld+json\" class=\"yoast-schema-graph\">{\"@context\":\"https:\/\/schema.org\",\"@graph\":[{\"@type\":\"WebSite\",\"@id\":\"https:\/\/www.cruzroja.org.ar\/corrientes\/#website\",\"url\":\"https:\/\/www.cruzroja.org.ar\/corrientes\/\",\"name\":\"Cruz Roja Argentina Filial Corrientes\",\"description\":\"Cruz Roja Argentina Filial Corrientes\",\"potentialAction\":[{\"@type\":\"SearchAction\",\"target\":{\"@type\":\"EntryPoint\",\"urlTemplate\":\"https:\/\/www.cruzroja.org.ar\/corrientes\/?s={search_term_string}\"},\"query-input\":\"required name=search_term_string\"}],\"inLanguage\":\"es\"},{\"@type\":\"WebPage\",\"@id\":\"https:\/\/www.cruzroja.org.ar\/corrientes\/nosotros\/historia\/#webpage\",\"url\":\"https:\/\/www.cruzroja.org.ar\/corrientes\/nosotros\/historia\/\",\"name\":\"Historia - Cruz Roja Argentina Filial Corrientes\",\"isPartOf\":{\"@id\":\"https:\/\/www.cruzroja.org.ar\/corrientes\/#website\"},\"datePublished\":\"2017-10-20T01:22:19+00:00\",\"dateModified\":\"2017-10-31T23:56:39+00:00\",\"breadcrumb\":{\"@id\":\"https:\/\/www.cruzroja.org.ar\/corrientes\/nosotros\/historia\/#breadcrumb\"},\"inLanguage\":\"es\",\"potentialAction\":[{\"@type\":\"ReadAction\",\"target\":[\"https:\/\/www.cruzroja.org.ar\/corrientes\/nosotros\/historia\/\"]}]},{\"@type\":\"BreadcrumbList\",\"@id\":\"https:\/\/www.cruzroja.org.ar\/corrientes\/nosotros\/historia\/#breadcrumb\",\"itemListElement\":[{\"@type\":\"ListItem\",\"position\":1,\"name\":\"Portada\",\"item\":\"https:\/\/www.cruzroja.org.ar\/corrientes\/\"},{\"@type\":\"ListItem\",\"position\":2,\"name\":\"Nosotros\",\"item\":\"https:\/\/www.cruzroja.org.ar\/corrientes\/nosotros\/\"},{\"@type\":\"ListItem\",\"position\":3,\"name\":\"Historia\"}]}]}<\/script>\n<!-- \/ Yoast SEO plugin. -->","yoast_head_json":{"title":"Historia - Cruz Roja Argentina Filial Corrientes","robots":{"index":"index","follow":"follow","max-snippet":"max-snippet:-1","max-image-preview":"max-image-preview:large","max-video-preview":"max-video-preview:-1"},"canonical":"https:\/\/www.cruzroja.org.ar\/corrientes\/nosotros\/historia\/","og_locale":"es_ES","og_type":"article","og_title":"Historia - Cruz Roja Argentina Filial Corrientes","og_description":"Historia Por iniciativa de la se\u00f1ora Eloisa Torrent de Vidal, nuestra Filial se fund\u00f3 el 20 de abril de 1921, cuando el comit\u00e9 local se adhiri\u00f3 a la Sociedad Nacional de Cruz Roja. En sus inicios, la obra que la Comisi\u00f3n consider\u00f3 fundamental fue la formaci\u00f3n profesional de enfermeras decidi\u00e9ndose fundar un Instituto de Ense\u00f1anza. [&hellip;]","og_url":"https:\/\/www.cruzroja.org.ar\/corrientes\/nosotros\/historia\/","og_site_name":"Cruz Roja Argentina Filial Corrientes","article_modified_time":"2017-10-31T23:56:39+00:00","author":"alberto","twitter_card":"summary","twitter_misc":{"Tiempo de lectura":"2 minutos"},"schema":{"@context":"https:\/\/schema.org","@graph":[{"@type":"WebSite","@id":"https:\/\/www.cruzroja.org.ar\/corrientes\/#website","url":"https:\/\/www.cruzroja.org.ar\/corrientes\/","name":"Cruz Roja Argentina Filial Corrientes","description":"Cruz Roja Argentina Filial Corrientes","potentialAction":[{"@type":"SearchAction","target":{"@type":"EntryPoint","urlTemplate":"https:\/\/www.cruzroja.org.ar\/corrientes\/?s={search_term_string}"},"query-input":"required name=search_term_string"}],"inLanguage":"es"},{"@type":"WebPage","@id":"https:\/\/www.cruzroja.org.ar\/corrientes\/nosotros\/historia\/#webpage","url":"https:\/\/www.cruzroja.org.ar\/corrientes\/nosotros\/historia\/","name":"Historia - Cruz Roja Argentina Filial Corrientes","isPartOf":{"@id":"https:\/\/www.cruzroja.org.ar\/corrientes\/#website"},"datePublished":"2017-10-20T01:22:19+00:00","dateModified":"2017-10-31T23:56:39+00:00","breadcrumb":{"@id":"https:\/\/www.cruzroja.org.ar\/corrientes\/nosotros\/historia\/#breadcrumb"},"inLanguage":"es","potentialAction":[{"@type":"ReadAction","target":["https:\/\/www.cruzroja.org.ar\/corrientes\/nosotros\/historia\/"]}]},{"@type":"BreadcrumbList","@id":"https:\/\/www.cruzroja.org.ar\/corrientes\/nosotros\/historia\/#breadcrumb","itemListElement":[{"@type":"ListItem","position":1,"name":"Portada","item":"https:\/\/www.cruzroja.org.ar\/corrientes\/"},{"@type":"ListItem","position":2,"name":"Nosotros","item":"https:\/\/www.cruzroja.org.ar\/corrientes\/nosotros\/"},{"@type":"ListItem","position":3,"name":"Historia"}]}]}},"_links":{"self":[{"href":"https:\/\/www.cruzroja.org.ar\/corrientes\/wp-json\/wp\/v2\/pages\/99"}],"collection":[{"href":"https:\/\/www.cruzroja.org.ar\/corrientes\/wp-json\/wp\/v2\/pages"}],"about":[{"href":"https:\/\/www.cruzroja.org.ar\/corrientes\/wp-json\/wp\/v2\/types\/page"}],"author":[{"embeddable":true,"href":"https:\/\/www.cruzroja.org.ar\/corrientes\/wp-json\/wp\/v2\/users\/1"}],"replies":[{"embeddable":true,"href":"https:\/\/www.cruzroja.org.ar\/corrientes\/wp-json\/wp\/v2\/comments?post=99"}],"version-history":[{"count":7,"href":"https:\/\/www.cruzroja.org.ar\/corrientes\/wp-json\/wp\/v2\/pages\/99\/revisions"}],"predecessor-version":[{"id":376,"href":"https:\/\/www.cruzroja.org.ar\/corrientes\/wp-json\/wp\/v2\/pages\/99\/revisions\/376"}],"up":[{"embeddable":true,"href":"https:\/\/www.cruzroja.org.ar\/corrientes\/wp-json\/wp\/v2\/pages\/97"}],"wp:attachment":[{"href":"https:\/\/www.cruzroja.org.ar\/corrientes\/wp-json\/wp\/v2\/media?parent=99"}],"curies":[{"name":"wp","href":"https:\/\/api.w.org\/{rel}","templated":true}]}}